 prime factors of v?
2, 3, 1291
Let k be 3 - (-1 - -8) - -56. Suppose 3*b = u + 5*b + k, -3*u - 165 = -3*b. Let i = u + 106. What are the prime factors of i?
2, 13
What are the prime factors of -2*265012/(-8) - (-12 - -3)?
2, 7, 4733
Suppose 6*p = -0*p. Suppose p = -2*b - 7*b. Suppose -r + 2*m = -109, m = -5*r - b*m + 556. List the prime factors of r.
3, 37
Let d = -6 - -8. Let x = 4 + d. Suppose -x*s + 3*s + 39 = 0. List the prime factors of s.
13
What are the prime factors of (-9 - 3004)/(-1) + 0/(-5) + 6?
3019
Suppose -99 = -y + 955. Let b = y + -552. What are the prime factors of b?
2, 251
Let k(j) = 14*j**2 + 25*j + 147. What are the prime factors of k(11)?
2, 23
Suppose -b + 2*b + 2*i + 3 = 0, 5*i + 3 = -4*b. Let d(g) = 5*g**3 - 2*g**2 + 4*g - 9. List the prime factors of d(b).
2, 3, 5
Let g be 16/(-6)*(-21)/14. Let u be 674/10 - 9/(90/g). Let j = -35 + u. What are the prime factors of j?
2
What are the prime factors of (-32)/144 + 5694520/180?
2, 11, 719
Let v(g) be the third derivative of 133*g**4/24 - 8*g**3 + 249*g**2. List the prime factors of v(9).
3, 383
Suppose 2*r = 245 - 241. Suppose 5*d = 5*u - 41 + 6, 0 = -3*u - 5*d + 5. Suppose -471 = 3*a - u*a + 5*y, -r*y = 2*a - 478. List the prime factors of a.
2, 7, 17
Suppose 15 + 1 = 2*f. Suppose -4 = f*v - 28. Suppose -k + 5*o - 8 = -v*k, 16 = 4*k + o. What are the prime factors of k?
2
Let y be (-2)/(-1) + (-4 - -7). Let t(s) = s - 2. Let r be t(y). Suppose r*o + 5 = 26. List the prime factors of o.
7
What are the prime factors of 16/(-3)*(31256/(-16) - -2)?
2, 1301
Let i = 27444 + -14029. List the prime factors of i.
5, 2683
Suppose -207*q + 189*q = -8820. List the prime factors of q.
2, 5, 7
Suppose 14*y - 18*y + 5*r = -76323, -3*y = -2*r - 57237. List the prime factors of y.
3, 6359
Suppose -2*n + 4*n + 22 = 0. Let t(j) = -2*j**3 - 15*j**2 + 9*j + 18. Let k be t(-7). Let w = n - k. What are the prime factors of w?
83
Let o(f) = 35*f**2 + 2*f - 12. Suppose 6*g - 342 = -360. List the prime factors of o(g).
3, 11
Let s(x) = 82*x - 6. Let l be s(6). Let k = 737 - l. What are the prime factors of k?
251
Let y = -2262 - -3360. List the prime factors of y.
2, 3, 61
Suppose 11*s - 7541 - 9575 = 0. Let h = s - 897. List the prime factors of h.
659
Let d(l) = 2*l - 21. Let t be d(12). Let h(s) = 20*s - 14. Let o(j) = -j. Let z(f) = t*o(f) + h(f). What are the prime factors of z(4)?
2, 3
What are the prime factors of 160/6*24/(-48)*-720?
2, 3, 5
Let v(l) = l**3 + 19*l**2 + 25*l + 7. Let x be v(-7). Suppose -6*m = -0*m - x. List the prime factors of m.
2, 5, 7
List the prime factors of (3*-1 + 1)*(51 + -12023).
2, 41, 73
Let m(c) = -7*c**3 - 3*c**2 + 2. Let q be m(1). Let z be 3*-1 - (-3 + q + 6). Suppose 5*l - 324 = -2*j, j - 507 = -z*j + 3*l. What are the prime factors of j?
167
Let j(p) = -p + 11. Let u(h) be the second derivative of -h**3/3 + h**2/2 + 18*h. Let n be u(-2). What are the prime factors of j(n)?
2, 3
Suppose 3 = -2*t + s + 11, -5*t + 6 = s. Suppose -t*h = -12*h. Suppose 34*f - 30*f - 616 = h. What are the prime factors of f?
2, 7, 11
Let t(u) = 5*u - 11*u**2 - 5 + 2*u - u**3 - 12*u**2 - 10. List the prime factors of t(-24).
3, 131
Suppose c - 5*f = 7957, 3*c - 10*f + 8*f = 23910. What are the prime factors of c?
2, 1993
Let v(l) = 2*l**2 + 3*l + 38. Let d = -41 - -25. Let g be v(d). Let f = g + -355. List the prime factors of f.
3, 7
Suppose 0 = 21*u + 20*u + 3690. Let f = 340 - 202. Let c = f + u. List the prime factors of c.
2, 3
Let j(n) = -4*n**3 + n**2 - 6*n + 7. Let d be j(3). Let x = 157 - d. What are the prime factors of x?
3, 89
Suppose 5*x = -5*u + 90, 3*x + 4*u - 32 = 24. Suppose x*j - 875 = 3749. List the prime factors of j.
17
Suppose 101060 = 4*j + 68*i - 64*i, 126295 = 5*j - i. What are the prime factors of j?
2, 3, 5, 421
Let a(k) = 2*k**2 + 6*k - 34. Let h be a(-7). Suppose -27*c + 838 = 2*d - h*c, d + 2*c - 419 = 0. What are the prime factors of d?
419
Let b be 590/(-12) - 1/(-6). Let h = -47 - b. List the prime factors of (13 - 12)/(h/174).
3, 29
Let z be -331 + (-2 - -1) + (-4)/1. What are the prime factors of (-1277)/(-4) + 7/(z/(-36))?
2, 5
Let a = -991 - 1487. Let h be 1/(-5) + a/35. Let v = -30 - h. What are the prime factors of v?
41
Suppose -7*v = 3*v - 10300. Suppose 727 + v = s. What are the prime factors of s?
7, 251
Let n = -632 - -920. Suppose l = 4*w + n, 5*l + w - 1208 = 295. List the prime factors of l.
2, 3, 5
Let w = -3945 - -7222. Suppose 19*o = w - 522. What are the prime factors of o?
5, 29
Let n be (4 - 1) + (-2 - 1). Suppose 57*f - 63*f + 528 = n. List the prime factors of f.
2, 11
Let l(t) = -t**2 - 13*t + 37. Let m be l(-17). Let u(y) = y**3 + 31*y**2 - 14*y + 29. List the prime factors of u(m).
463
Let q be (32 + -33)*(-1 - (-3 + 1)). What are the prime factors of 72709/51 + ((-3)/9)/q?
2, 23, 31
Let q = -1 - -4. Let t be ((-16)/(-12) + -3)*(18/6 - 6). Suppose -5*g - t*y + 20 = 0, 2*g - 20 = q*y + y. What are the prime factors of g?
2, 3
Suppose -2*y + 4326 = 3*q, 2*q - 2*y - 4326 = -q. Let s = -934 + q. List the prime factors of s.
2, 127
Let n = 352 + -351. List the prime factors of (-1)/n + (9 - (10 - 176)).
2, 3, 29
Suppose -142 = -5*a - 22. Let x = a + -19. Suppose x*y - 3*y - 152 = 0. List the prime factors of y.
2, 19
Suppose -2*z + q = -48782, 115*q = 5*z + 116*q - 121969. List the prime factors of z.
3, 47, 173
Suppose 9*o + 6 = 12*o. Suppose 4*t = 3*c + 5*t - 316, 2*t + 208 = o*c. List the prime factors of 36*(30/c - 268/(-42)).
2, 3, 5
Suppose 0 = -2*o + 4*a + 9580, -6*a + 10*a + 23974 = 5*o. What are the prime factors of o?
2, 2399
Let d(k) = 3*k**3 - 2*k + 146. Suppose -y = -11*y - 840. Let u = 84 + y. List the prime factors of d(u).
2, 73
Let n(y) = 5*y + 48. Let s(t) = -8*t - 72. Suppose 2*a + 5*l + 18 = 0, -3*a + 0*l = l + 27. Let p be s(a). List the prime factors of n(p).
2, 3
Let w be -3*1 - (-300)/(1 + -7). Let l = w + 49. Let s = l + 102. What are the prime factors of s?
2, 7
Let k = 935 - 181. Suppose -2*l - 975 = -3*v + k, -2879 = -5*v + 2*l. Suppose 0 = -14*j + v + 405. List the prime factors of j.
2, 5, 7
Suppose 70 = 5*g + 35. Let v(x) = -49*x - 92. Let k(q) = 25*q + 45. Let a(h) = g*k(h) + 4*v(h). What are the prime factors of a(-10)?
157
Let p(w) = w + 13. Let i be p(-11). Suppose r + i*l = 6*l + 284, -249 = -r - 3*l. List the prime factors of r.
2, 3, 11
Suppose 3*j + 2*l = 5439, 2*l = 6*l. Let w be ((-64)/(-80))/(1 - j/1815). Suppose 0 = -10*b + w + 334. What are the prime factors of b?
2, 53
Suppose 0 = -26*b - 15 + 93. Suppose 252 + 978 = b*z. What are the prime factors of z?
2, 5, 41
Let n(c) = c**2 + 15*c + 42. Let k be n(-13). Suppose 0*p + k = 4*p + 3*h, 3*h = 0. List the prime factors of 57*(0 + p)*27/54.
2, 3, 19
Let z(k) = 2*k**3 - 4*k**2 + 4*k - 39. Let l be z(6). What are the prime factors of 36*(-2 - l/(-6))?
2, 3, 29
Let f = 49 + -44. Let v be (15/10)/(1/18). Let w = v - f. What are the prime factors of w?
2, 11
Let x(q) = q + 1. Let j(l) = -l - 16. Let k(a) = -j(a) - 5*x(a). Suppose -5*n - 40 = 3*p, -n + 22*p + 5 = 20*p. List the prime factors of k(n).
31
Let g(a) = a + 6. Let p be g(-6). Let z be 213*4*4/(-64)*-4. Suppose p*x - z = -3*x. What are the prime factors of x?
71
Let x(z) = -8*z - 20. Let t(d) = -8*d - 19. Let b(s) = -5*t(s) + 4*x(s). List the prime factors of b(5).
5, 11
Let y = -76 - -85. What are the prime factors of (((-3030)/y)/5)/(14/(-21))?
101
Let l = -114 - -122. Suppose 6*j - 39 = j + 2*h, 2*j = -3*h + l. Suppose -j*r = -0*r - 56. What are the prime factors of r?
2
What are the prime factors of (32664/(-66))/((-22)/121)?
2, 1361
Let x = 14618 + 4495. What are the prime factors of x?
3, 23, 277
Let r(a) = a**2 + 8*a - 101. Let b be r(-15). Suppose -b*t = -1128 - 496. List the prime factors of t.
2, 7, 29
Suppose -5*a = -3*n + 26405 + 52914, 0 = -5*n + 4*a + 132181. What are the prime factors of n?
3, 11, 89
Suppose 4*d + 5*f - 39378 = 0, -180*d - 3*f - 9836 = -181*d. What are the prime factors of d?
2, 7, 19, 37
Let h(i) be the third derivative of 2/15*i**5 - 5/3*i**3 - 1/120*i**6 - 15*i**2 + 0 + 0*i + 0*i**4. List the prime factors of h(6).
2, 31
Let l(d) = 3*d**2 - 11*d - 17. Suppose -5*w = -0*w - 40. Let o be l(w). Suppose 0 = -5*b + 2*b + o. List the prime facto